)/(-1))?
18
Let o(c) = 5*c**2 - 13*c - 4. Let w = 116 - 112. What is the remainder when 60 is divided by o(w)?
12
Calculate the remainder when -9 + 3 + 0 + 411 is divided by 24.
21
Let l = -174 + 181. What is the remainder when 21 is divided by l?
0
Suppose -9 = 7*o - 9. What is the remainder when 37 + (o + 1)*1 is divided by 13?
12
Let h be (-399)/(-14)*(0 + 4/(-3)). Let k = 87 + h. Calculate the remainder when k is divided by 27.
22
Let f(n) = -2*n**2 - 26*n + 40. Calculate the remainder when 142 is divided by f(-14).
10
Let a(k) = 159*k + 812. Suppose 3*r - 6*r + 7 = 2*g, g = 2*r. What is the remainder when (16/(-10))/(g/(-60)) is divided by a(-5)?
14
Suppose -142 = -4*i + 30. Suppose 0 = 5*x + 2*x. Suppose 2*d - q = d + 15, x = -2*d - 4*q + 30. What is the remainder when i is divided by d?
13
Suppose -6*g = -2*d - 7*g + 49, -4 = 4*g. What is the remainder when 61 is divided by d?
11
Suppose 6*w + 9*w - 5235 = 0. What is the remainder when w is divided by 44?
41
Let b(k) = 5*k - 11. Calculate the remainder when (-14 - -3)*(3/1 + -13) is divided by b(5).
12
Let f(o) = 10*o**2 + 3*o - 4. Let g = 30 - 29. Calculate the remainder when f(g) is divided by 3.
0
Let s = 15 + -27. Let h = 8 - s. Let m = -661 + 719. What is the remainder when m is divided by h?
18
Suppose h - 5 = -4*h. Let v = 4 + h. Suppose -2*p - 2*x = -5*x - 38, -x + 78 = v*p. Calculate the remainder when p is divided by 6.
4
Let u = -4 - -6. Suppose -5*f + y = -70, -3 = -u*f - y + 18. What is the remainder when 100 is divided by f?
9
Suppose -532 = -4*a + n, 4*a - 917 = -4*n - 385. Suppose -28*w - g = -30*w + 72, 0 = -3*w - 3*g + 90. What is the remainder when a is divided by w?
31
Let d = -305 + 357. What is the remainder when d is divided by 18?
16
Let t be 2*(45/(-6) + 1). Let o(u) = u + 30. Suppose -5*y + 15 = -15. Calculate the remainder when o(t) is divided by y.
5
Suppose 5*n - 20 = -5*j, 5*j - 5 = 3*n + 7. Suppose -5*q + 4 = -n. Let k = q - -3. Calculate the remainder when 5 is divided by k.
1
What is the remainder when (3/6)/((-4)/2200*-5) is divided by 14?
13
What is the remainder when 1*(0 + 23) + 3 is divided by (2 + -2 + -21)*(-35)/105?
5
Calculate the remainder when 27 + (-8 - -6) - 7 is divided by (-2 - -5) + (3 - 1).
3
Suppose 0 = 5*p + 3*z - 110, -3*z - 42 = -2*p - p. Calculate the remainder when (72/(-30) + 6)*115/2 is divided by p.
17
Suppose 0*b = 12*b - 660. What is the remainder when b is divided by 20?
15
Suppose -3*l + 34 = -5*j, 1037*j - 1038*j - 50 = -3*l. Let h = 348 - 57. What is the remainder when 4/6 + h/9 is divided by l?
15
Let q be 2/(3*(-2)/705). Let l be (q/(-20))/((-1)/(-28)). Suppose -l = -4*o + b, 5*o - 2*o = 3*b + 240. Calculate the remainder when o is divided by 21.
20
Suppose -7*l + 21 = -0. Suppose -4*j - 2*p = -2944, -3*p + 5*p + 2201 = l*j. Suppose -3*t + j = 2*t. What is the remainder when t is divided by 30?
27
Let o = 76 - 69. What is the remainder when 41 is divided by o?
6
Suppose 4 = 2*q + j, 2*j - 3*j + 4 = 0. Suppose q = -4*y + y - 54. Calculate the remainder when y/30 + 33/5 is divided by 3.
0
Suppose 0 = 4*b - 35 - 177. Calculate the remainder when b is divided by 100/7 + 66/(-231).
11
Let u(m) = -4*m + 5. Let n be u(2). Calculate the remainder when 99 is divided by -25*(n + 3 + -1).
24
Let o(q) = -21*q**3 - 2*q**2 + 2*q + 3. Calculate the remainder when o(-1) is divided by 2/6 - (-40)/6.
6
What is the remainder when ((-78)/4)/((-39)/182) is divided by 48?
43
Suppose 0 = 2*s + 2*s + 32. Let i = -12 + s. Let m = i + 32. What is the remainder when 71 is divided by m?
11
Let z be (4 - (-1 - -8)) + 191. Let b = z - 109. Calculate the remainder when b is divided by 27.
25
Let y = 198 - 181. Calculate the remainder when 9/(106/26 - 4) is divided by y.
15
Suppose p - 43 = -36. What is the remainder when 605 is divided by p?
3
Let u(c) = 6*c**2 - 3*c - 3*c**2 + c. Let b(r) = r**2 + 5*r - 6. Calculate the remainder when b(-11) is divided by u(3).
18
Let g(m) = -7*m - 27. Suppose -74 - 47 = 11*d. What is the remainder when g(d) is divided by (-2 - 2)/((-4)/26)?
24
Let r(x) = x - 4. Let p be r(9). Suppose 4*q + 170 = 3*i + 51, p*q = 2*i - 91. Calculate the remainder when (1034/i)/((-2)/(-3)) is divided by 16.
15
Suppose 3*y + n - 4*n - 138 = 0, y = 3*n + 52. Calculate the remainder when y is divided by 22.
21
Suppose -38*x - 7 = -39*x. What is the remainder when 1 - (4 + -2) - (-157 - x) is divided by 11?
9
Suppose 4*d = 6 + 26. Let w(v) = -2*v - 10. Let a be w(-8). Suppose a = n - 17. Calculate the remainder when n is divided by d.
7
Suppose 0 = 2*m - 2*s + 48, 68 = -0*m - 3*m + 5*s. Let y = m + 33. Calculate the remainder when 18 is divided by y.
4
Calculate the remainder when ((-4550)/(-15))/(-7)*135/(-18) is divided by 47.
43
Suppose 0*c = 3*o - 2*c - 94, 2*c + 34 = o. What is the remainder when o is divided by (-20)/((-15)/3) + 4?
6
Let v = -2 + 23. Suppose -v = -2*c + 25. Let y = 51 + 16. Calculate the remainder when y is divided by c.
21
Let a = 156 - -160. Let h be a/14 - 21/(-49). Let t = 32 - h. What is the remainder when t is divided by 3?
0
Calculate the remainder when 1497 is divided by (-4)/(-8)*-3 + 53/2.
22
Let q be 4/14 + 10/14. Let d = 2 + q. Suppose -d*s - 12 = -7*s. Calculate the remainder when 13 is divided by s.
1
Let m = -372 - -410. What is the remainder when 107 is divided by m?
31
Suppose 0 = -4*j - 0*j + 20. Suppose 3*h + 15 = 3*k, k - j = 2*h - 6*h. Let f(d) = -d**2 + 13*d - 5. What is the remainder when f(k) is divided by 12?
11
Suppose -4*q + 4*t = 0, -3*q - 2*q = 2*t - 35. What is the remainder when 15 is divided by q?
0
Suppose 0 = 3*q - 3*n - 174, 3*q - 5*n = 99 + 71. Suppose 0 = 3*m + 9*m - q. Calculate the remainder when m is divided by 3.
2
Calculate the remainder when 22 is divided by 237/24 + -1 - 2/(-16).
4
Suppose 5*a = 2*s + 115, -a = -2*a + 3*s + 36. What is the remainder when a is divided by ((-12)/(-5))/(((-96)/(-60))/4)?
3
Let l(f) = -7*f - 11. Let m be l(-2). Let b(v) = 3*v**2 - 6*v + 6. What is the remainder when 29 is divided by b(m)?
14
Let b(a) = 2*a + 5. Suppose -x + 5 = 0, 0 = 3*i - 4*x - 0*x - 4. Let k(h) = h**2 - 3*h + 2. Calculate the remainder when k(i) is divided by b(5).
12
Suppose -2*k + 241 = q, -2*k = -q - 111 - 120. Suppose -3*u + 25 = -2*s - 3, -2*u + 16 = -2*s. Calculate the remainder when k is divided by u.
10
Let l = -63 - -95. Suppose 0 = 5*v + 3*v - 40. Suppose v*k = 2*j + 13, -3*k + l = j + 11. Calculate the remainder when 23 is divided by j.
5
Let m be -14*(-2 - (-12)/7). Suppose 2*w = -k + 91 - 29, 104 = m*w - 3*k. What is the remainder when 114 is divided by w?
27
What is the remainder when ((-26)/6)/(6/(-3 - 33)) is divided by 11?
4
Suppose -y - 4*y - l + 32 = 0, -2*y = -5*l - 2. Suppose -2*n - 2*n = 2*j + 12, 3*j + 16 = -5*n. Let g = y + j. Calculate the remainder when g is divided by 3.
1
Suppose 5*q + 0 = 2*t - 2, 0 = 3*t - 3*q - 12. Let f = t + 3. What is the remainder when 23 is divided by (f + (-4 - -3))*1?
7
Let u = -63 + 66. Let b = 113 - 60. Suppose 5*i + 8 = -d + b, 0 = 4*i - 5*d - 7. What is the remainder when i is divided by u?
2
Let c be (-3 + (-3 - -6))/2. Suppose 6 + 33 = r - 4*f, 5*r + 5*f - 170 = c. Suppose 7*t - 2*t - 65 = 0. Calculate the remainder when r is divided by t.
9
Let y be 3/((-3)/(-4)) + -4. Suppose -4*l - 14 = -g, 5*l = g - y*l - 13. What is the remainder when 35 is divided by g?
17
Let z = 623 - 573. Suppose -2*w = 3*w - 130. What is the remainder when z is divided by w?
24
Suppose 0 = -5*b - b + 12. Suppose b*m - 88 = -36. Calculate the remainder when m is divided by ((-3)/(-2))/((-2)/(-12)).
8
Let b = 117 - 91. What is the remainder when 49 is divided by b?
23
Let g(r) = r**2 - 34*r - 286. What is the remainder when g(44) is divided by 56?
42
Suppose -13 - 11 = -6*a. Suppose -11 = -h + 2*g, -5*g - 7 = -a*h + 28. What is the remainder when 17 is divided by h?
2
Let k = -1487 - -1692. Calculate the remainder when k is divided by 49.
9
Let d = 167 - 160. Calculate the remainder when 101 is divided by d.
3
Let t(f) = -2*f**3 + 3*f**2 - f + 11. Let w(g) = -g**3 + 2*g**2 - g + 5. Let a(h) = 4*t(h) - 9*w(h). Calculate the remainder when a(6) is divided by 10.
9
Let f be (-2)/(2/(4 + -2)). Let c(x) = 4*x**2 - x. Calculate the remainder